 are the prime factors of (-666)/t + j/(-15)?
3, 5
Suppose 2*u = -0*j - j + 452, u = 3*j - 1349. What are the prime factors of j?
2, 3, 5
Suppose -9 = -5*u + 11. Let r be 2/8 + u/(-16). Suppose 3*a = -r*a + 123. What are the prime factors of a?
41
Let z = -3715 - -10395. What are the prime factors of z?
2, 5, 167
Let z = -151 - -572. List the prime factors of z.
421
List the prime factors of (7/(-7) - 461)*(-9)/6.
3, 7, 11
What are the prime factors of (-1)/(-27)*-12 + 15097/9?
3, 13, 43
Suppose -4*p = -3*m + 4482, 12*m + 7462 = 17*m - 4*p. What are the prime factors of m?
2, 5, 149
List the prime factors of 1/(-7) - (-89658)/357.
251
Suppose 0 = -2*v + 3*o + 3623, 16*o - 1805 = -v + 11*o. What are the prime factors of v?
2, 5, 181
Let h be 7/(14/(-5))*2. List the prime factors of 1854/14 - -6*h/70.
2, 3, 11
What are the prime factors of (10 + 1276/(-55))/((-3)/170)?
2, 11, 17
Let w(h) = h**3 + h**2 - h. Let z(q) = q**3 + 11*q**2 + 8*q + 6. Let d(k) = 2*w(k) - z(k). Let y be d(10). What are the prime factors of (y + 8)/(2/31)?
31
Suppose 4*k - 5*k = 1, 3*n + k = -1. Suppose -4*j + 3 = -5. Suppose -3*f - j*f = 4*i - 106, n = i - f - 22. List the prime factors of i.
2, 3
List the prime factors of (-1679)/2*-2 - -3.
2, 29
Let i(b) = b + 144*b**2 + 39 - 3*b - 36. What are the prime factors of i(1)?
5, 29
Let v(r) = r**3 + 4*r**2 - 7*r - 2. Let w(l) = 3*l**2 + 5. Let h be w(2). Let y = -22 + h. What are the prime factors of v(y)?
2
What are the prime factors of -5 + 8/2 - 115/(-1)?
2, 3, 19
Let z be (0 + 328)*2/4 + 0. Suppose 2*h + 3*f = -0*h + z, 3*h = -5*f + 247. List the prime factors of h.
79
Let x(p) = -p**2 + 14*p - 11. Suppose -4*c - 11 = -5*c. List the prime factors of x(c).
2, 11
Let f(u) be the second derivative of -5/12*u**4 + 0*u**3 + 0 - 1/20*u**5 - 5*u**2 - 7*u. What are the prime factors of f(-6)?
2, 13
Suppose -2*j - 3*j = -55. Let v = j + 88. What are the prime factors of v?
3, 11
Suppose -8*r + 45 = -5*r. Let i(f) = -f**2 + 18*f + 19. List the prime factors of i(r).
2
Let r(g) = 9*g - 1. Let i be r(10). Suppose 5*k = 291 + i. Suppose -6*s - k = -10*s. List the prime factors of s.
19
What are the prime factors of (1410/9)/((-7)/(-42))?
2, 5, 47
Let t = 21 + -16. Suppose -t*n - 51 + 6 = 0. Let h = 21 + n. What are the prime factors of h?
2, 3
Let d = -34 - -36. Suppose 5*g = -a + 121, 0 = g + 4*g - 4*a - 141. Suppose d*z = 39 + g. What are the prime factors of z?
2
Suppose -2*p = -1188 + 3864. List the prime factors of (21/(-14))/(9/p).
223
Let p(s) = -2*s + 9. Let g be p(6). Suppose 0 = 7*l + 16*l + 1886. List the prime factors of (-1)/(-6)*g*l.
41
Let m(f) = 2*f**3 - f**2 + 4*f - 11. Suppose 0*v = 5*v - 5*i, 0 = v - 2*i + 4. What are the prime factors of m(v)?
3, 13
Suppose i - 562 = -0*i. What are the prime factors of i?
2, 281
Let w be (-20 + 8)*2/3. Let h be (w/7)/(4/(-14)). Suppose -h*u - 3*z - 2*z + 127 = 0, 0 = -2*u + 3*z + 47. List the prime factors of u.
2, 7
Let a(q) = 6*q + 6. Let b be a(-5). Let s be (-4)/b + 22/12. Suppose 0 = -2*v - 2*f + s, -4*f = -0*v + 2*v + 2. List the prime factors of v.
3
Let r = -20 + 22. Suppose 4 + 14 = 5*m + r*k, -5*m + 25 = -5*k. List the prime factors of m*(5 + -3 + 3).
2, 5
Let b be (-10)/(-25) - (-3681)/(-15). What are the prime factors of 2/6 + b/(-3)?
2, 41
What are the prime factors of (5 + -4)*(417 - 1)?
2, 13
What are the prime factors of -5 + 550/15*18 + -4?
3, 7, 31
List the prime factors of 6/2 - (-12 + 21/(-7)).
2, 3
Let k be 6528/33 + 6/33. Let b = 277 - k. List the prime factors of b.
79
Let m(x) = -2*x**2 - 13*x - 8. Let c be m(-9). Let p = 86 + c. What are the prime factors of p?
3, 11
Suppose 3 - 31 = -7*r. Let z(k) = k**3 - 5*k**2 + 4*k. Let t be z(r). Suppose -p = a - 2*p - 44, 4*p - 12 = t. List the prime factors of a.
47
Let z(n) = -20*n - 13. Let h be z(-11). Let q be h/36 + 1/4. Suppose 4*j = q*j - 44. List the prime factors of j.
2, 11
Suppose -4*w + 0*w + 52 = 4*t, -2*w - 24 = -3*t. Let s(c) = -1 - t*c + 6 - 5. What are the prime factors of s(-1)?
2, 5
Suppose 3*p - 12 + 0 = 0. Suppose -5*i - 145 = -p*z, -5*z - 2*i + 140 = -0*z. What are the prime factors of z?
2, 3, 5
Suppose -26*g = -34*g + 5728. What are the prime factors of g?
2, 179
Let l = 2751 - 1707. List the prime factors of l.
2, 3, 29
Let n be (1 + -2)*12/12. Let d be -1*n/(-3 - -2). Let r = d + 24. What are the prime factors of r?
23
Let o = -13 - 46. Suppose -6*j + 2*j + 328 = 0. Let w = o + j. List the prime factors of w.
23
Suppose 0 = -5*h - 7 - 3. Let s = 171 + -161. Let r = h + s. List the prime factors of r.
2
Let a = -53 + 52. Let c(d) = -106*d**3 + 2*d + 1. List the prime factors of c(a).
3, 5, 7
Suppose -4*w + t = -3*t - 416, 4*t - 184 = -2*w. Let h = w - -54. What are the prime factors of h?
2, 7, 11
List the prime factors of 12*((-4689)/(-27))/((-4)/(-3)).
3, 521
Let p be 14*-4*1/(-8). Suppose 5 = 4*n - p. Suppose 0 = n*l - 24 - 39. What are the prime factors of l?
3, 7
Let g(t) = -t**3 - 7*t**2 + 12*t + 8. Let z be g(-8). Suppose 6*j = -183 - 57. Let r = z - j. What are the prime factors of r?
2
Suppose 0 = 4*m - 2*k + 98, 4*m - 3*k = 1 - 98. Let f(u) = -u**3 - 24*u**2 + 21*u - 7. What are the prime factors of f(m)?
3, 31
Suppose 0 = f - z - 1365, 5*f - 3*z = 3*f + 2734. Suppose -9*b + f + 313 = 0. List the prime factors of b.
2, 3, 31
Let x(m) be the third derivative of 1/20*m**5 - 1/120*m**6 - 4*m**2 + 0 - 1/12*m**4 + 0*m + 1/2*m**3. List the prime factors of x(2).
3
Let m(o) = -11*o + 3*o - o + o**2 + 1. List the prime factors of m(11).
23
Suppose 6*w + 3*y + 9 = 2*w, -4*w = 2*y + 10. What are the prime factors of 1243/33 - (-2)/w?
37
Let j be (-9)/(-6)*-2 + 7. Let u be 20/6*6/j. Suppose z - 2*z = 2*r - 100, u*r + z - 250 = 0. What are the prime factors of r?
2, 5
Let z = 624 - 333. Suppose -z = -p - 63. What are the prime factors of p?
2, 3, 19
Let m = 3940 + -653. What are the prime factors of m?
19, 173
Suppose -2*d - 6*x + 5*x + 107 = 0, -5*d + 269 = 3*x. Suppose -s + 48 = 3*n, 6*s - 5*s - d = -2*n. What are the prime factors of s?
2, 3, 5
Suppose d + 2*d = -33. Let k = d - -255. Suppose -2*a + k = 2*a. What are the prime factors of a?
61
What are the prime factors of (3 - 48/14) + (-19930)/(-35)?
569
Let i(d) = 15*d**2 + 34*d - 239. What are the prime factors of i(10)?
1601
Suppose -5*k + y + 415 = 0, 5*k = -5*y + 584 - 199. Let v = -13 + k. Suppose 7*n - 4*n = v. What are the prime factors of n?
23
Let m = 2414 - 987. What are the prime factors of m?
1427
Suppose -21 - 1473 = -3*o - 3*q, q = -4*o + 2001. List the prime factors of o.
3, 167
Let z(y) = -y**2 + 340. List the prime factors of z(0).
2, 5, 17
Let u = 42 - 130. Let g be (0 - u)/((-1)/(-2)). Suppose 5*t + 2*r + 51 = g, 4*t - 118 = 2*r. List the prime factors of t.
3
Suppose 2*t - 24 = -356. Let l = -97 - t. List the prime factors of l.
3, 23
Suppose 0 = 29*o - 24*o. List the prime factors of 2 + o + (2 + 66 - 3).
67
Let o(g) = 170*g**2 - 98*g + 24. List the prime factors of o(-6).
2, 3, 11, 17
Let u be (3/2)/((-11)/242). Let m = 41 - 87. Let l = u - m. List the prime factors of l.
13
Let g(x) = 3*x + 20. Let w be g(-5). Suppose -3*j + l = -240, -7*j = -10*j + w*l + 228. List the prime factors of j.
3
Let z = 2252 - 1301. List the prime factors of z.
3, 317
Suppose -9 + 5 = -4*l. What are the prime factors of (-8 + 5 - (1 - l)) + 170?
167
Let u be ((-25)/(-15))/(10/12). Suppose -u*z + 133 + 159 = 0. What are the prime factors of z?
2, 73
Let t(p) = -p**2 - 8*p + 1. Let j be t(-9). Let g = j + 11. Suppose -2 = s + l - 22, -g*l + 75 = 4*s. What are the prime factors of s?
3, 5
Suppose -4 = z, 4*s + 39 = -s - z. Let k = 62 + s. What are the prime factors of k?
5, 11
Let u = 2458 + -39. What are the prime factors of u?
41, 59
Suppose -5*a - 4*n + 6770 = -9*n, a - 2*n - 1351 = 0. List the prime factors of a.
23, 59
Let r = -4415 - -6903. What are the prime factors of r?
2, 311
List the prime factors of (-2002 - 3)*(0 + 24/(-20)).
2, 3, 401
Suppose 9*s - 450 - 10098 = 0. List the prime factors of s.
2, 293
What are the prime factors of 7/(1 + (-556)/557)?
7, 557
Suppose 2313*a - 2317*a + 4732 = 0. List the prime factors of a.
7, 13
Let m be 1078/(-12) - 5/30. What are the prime factors of (-17260)/m - (-6)/27?
2, 3
Let w(d) b